ppose 13*x - 33 = w*x. Calculate the highest common factor of x and 39.
3
Suppose 15*h - 12*h = 5*g + 1818, -3062 = -5*h + 3*g. Calculate the highest common factor of h and 5467.
77
Let l(n) be the first derivative of -n**3/3 - 5*n - 12. Let k be l(-7). Let h be (-169)/(-9) + ((-282)/k - 5). Calculate the greatest common factor of 19 and h.
19
Let k(o) = -21*o - 97. Let d be k(-5). Let s be 1 + 2 + d*(-189)/(-6). Calculate the highest common factor of 51 and s.
51
Let p(r) = -13*r + 27. Let g(k) = 39*k - 81. Let a(u) = -2*g(u) - 7*p(u). Let b be a(6). Calculate the greatest common divisor of 408 and b.
51
Suppose 0 = 4*y + 4 - 8. Let c(q) = -q. Let o(h) = -10*h - 9. Let w(d) = y*o(d) - 3*c(d). Let b be w(-3). Calculate the highest common divisor of 96 and b.
12
Suppose -493*s + 518*s = 40600. Calculate the highest common factor of 16 and s.
8
Let h(o) = 53*o**2 + 2*o + 1. Let i be h(-1). Let x = 22 - i. Let p = -8 - x. What is the highest common divisor of p and 242?
22
Let m be (-2 + 16/6)*(-870)/20. Let o be (7 + -9)/(2 + m/14). What is the greatest common factor of 98 and o?
14
Suppose -o = -3*n + 543, 285*n - 531 = 282*n - 3*o. Calculate the highest common factor of n and 580.
20
Let v(n) = n**3 + 18*n**2 - 5*n - 38. Let u be v(-18). What is the greatest common factor of 11258 and u?
26
Let d = -27 - -71. Suppose -3*f + 644 = 122. Let v = -152 + f. Calculate the highest common divisor of d and v.
22
Let p = 9235 - 8549. What is the highest common divisor of 630 and p?
14
Suppose -4*x + 4*f = 0, -3 = -3*x + 6*x - 4*f. Suppose 4*n - 58 - 176 = -3*j, -j - x*n + 78 = 0. What is the greatest common divisor of 26 and j?
26
Let p be (682/(-44))/(5/(-10)). Calculate the highest common factor of p and 4061.
31
Let x = 164 - 160. Suppose a + 60 = 5*a - 2*t, -60 = -x*a - t. Calculate the highest common divisor of a and 135.
15
Let n = 104 + 470. Calculate the highest common factor of 328 and n.
82
Let x be ((-8)/6)/(59/((-19116)/(-120)))*-10. What is the highest common divisor of 3573 and x?
9
Let b(d) = 252*d - 2845. Let f be b(15). Calculate the highest common divisor of 330 and f.
55
Let t = 693 + -531. Calculate the highest common factor of t and 1854.
18
Suppose 59 = -9*j - 40. Let f be (93/j + 9)*(12 - 1). Calculate the greatest common factor of 81 and f.
3
Let q(v) = -15*v + 50. Let u be q(4). Let g be (u/30)/((-1)/108). Calculate the highest common factor of 126 and g.
18
Suppose -52*x + 24 = 4*x - 144. What is the highest common divisor of 249 and x?
3
Let g = 13225 - 13160. Calculate the highest common divisor of g and 11960.
65
Let k be (-48)/(-216) - 140/(-18). Suppose 910 = 15*j - k*j. What is the highest common divisor of 52 and j?
26
Let b be (1 - -489)*(0 + (-12)/(-8)). What is the greatest common factor of b and 9975?
105
Let f(o) = -3*o**3 - 100*o**2 - 193*o - 2. Let n be f(-2). Let h = -187 + 419. Calculate the highest common factor of h and n.
8
Suppose -17*u = -71*u + 702. What is the greatest common factor of 3159 and u?
13
Let v = 865 - 250. Let x = v - 367. Suppose 31 = -r + 2*r. What is the highest common factor of r and x?
31
Let u(w) = 1605*w - 4353. Let n be u(13). What is the highest common factor of n and 129?
129
Suppose x - 246 = -3*b - x, 4*b = -4*x + 332. Let i = 9243 - 9233. Calculate the greatest common factor of b and i.
10
Suppose c + 4*j = 104, -2*c + 7*c = -2*j + 412. Calculate the highest common divisor of c and 2160.
80
Let q be (-458)/(-6) + (-5)/(-6 - -21). Suppose -85*i = -q*i - 693. Calculate the highest common factor of 22 and i.
11
Suppose -411 = -18*v + 66 + 81. What is the greatest common divisor of v and 3968?
31
Let c be 1081 + 0/(-4) + (6 - (-40)/(-5)). Calculate the highest common factor of c and 65.
13
Let g be 475/(-15)*(-396)/165. What is the greatest common divisor of 171 and g?
19
Suppose 872 = 177*m - 2314. What is the highest common divisor of 22806 and m?
18
Suppose 3*m = -5*f + 11, 6*m + 3 = 9*m + 3*f. Let i be 58*m*(-3 - 40/(-15)). What is the greatest common divisor of i and 87?
29
Let i = 7 + 5. Suppose -59*u = -56*u + 6. Let z be 4/2 - (u - i). Calculate the greatest common divisor of z and 16.
16
Let a = 1440 + -1423. What is the greatest common divisor of a and 11356?
17
Let w(k) = 2*k**2 + k + 8. Suppose -2*q - 31 - 135 = 0. Let m = -83 - q. Let f be w(m). What is the highest common factor of 20 and f?
4
Let x be 4 + -1 - (-22 - -15). Suppose -22 = -3*y - c, -5*y + x = 3*c - 8*c. What is the greatest common divisor of 30 and y?
6
Suppose -m = 3*r - 433, -r + 2*m + 185 = 43. What is the greatest common factor of r and 128?
16
Let r = -662 - -671. Suppose r*i - 5*j = 6*i + 391, 3*i + 4*j = 400. Calculate the highest common divisor of i and 352.
44
Suppose 412*f - 445*f + 63591 = 0. What is the greatest common factor of 47 and f?
47
Suppose -4*t + b + 4 = 0, -20 = -12*b + 17*b. Suppose -14*f + 28*f - 10234 = t. Calculate the highest common divisor of 43 and f.
43
Suppose -29*d + 26*d = 2*b - 1206, 4*b = -5*d + 2012. What is the highest common factor of d and 32?
16
Let p(v) = 42*v**2 - 348*v - 702. Let c be p(-2). Calculate the greatest common factor of 342 and c.
18
Let r = -8878 - -9086. Calculate the highest common divisor of 3068 and r.
52
Suppose 3*s + 3465 = -4*j + 9*j, j + 5*s - 665 = 0. What is the highest common factor of j and 45?
15
Let x be 11/(-2 - (-15)/6)*-49. Let j = -1998 - x. Let n be (-20)/9 + 2 - j/90. What is the highest common factor of 10 and n?
10
Suppose 2*s - 3*p - 202 + 203 = 0, -3*p = 3*s - 6. Suppose 49 = -10*w + 11*w. Calculate the highest common factor of s and w.
1
Let i be 1 - 1/(3/(-6)*1). Suppose 20 + 22 = i*p. Let v be p/(-105) + (-4686)/(-45). Calculate the highest common divisor of v and 8.
8
Let c be (13 - 1)*15/18. Let r be c/75 - ((-532)/30)/2. Let n(m) = 9*m**2 - m - 1. Let i be n(-1). Calculate the greatest common factor of i and r.
9
Suppose 5*i = k + 14, 3*i + 17*k = 14*k + 12. Suppose i*p + 16 - 61 = 5*j, p - 4 = -2*j. Let m = 8 - 6. Calculate the highest common divisor of m and p.
2
Suppose 32 = 2*c - 64. Let d(n) = 39*n - 1296. Let k be d(40). What is the greatest common divisor of k and c?
24
Let h be ((-3608)/66 + -21)/(1/(-21)). Calculate the greatest common divisor of h and 7.
7
Suppose 973*r - 972*r = 11. Suppose r = -5*o + 71. Calculate the highest common factor of 12 and o.
12
Let o be (-591)/(-21) - 5/35. What is the greatest common divisor of 92 and o?
4
Suppose 5*d - 2372 = -s, 2*d = s + 627 + 326. What is the greatest common factor of 570 and d?
95
Suppose t + 32 = -211. Let u = 316 + t. What is the greatest common divisor of u and 365?
73
Let q = 381 - 379. Suppose -12*b + 2890 = -q*b. Calculate the highest common factor of 17 and b.
17
Let r be ((56 - 51)*(-18)/(-75))/((-9)/(-285)). Let b(a) = 13*a**2 - 3. Let x be b(3). Calculate the highest common factor of r and x.
38
Let f = -16 + 24. Suppose -3*s - 17 = -f*s + 2*i, 4*i + 7 = s. What is the highest common divisor of 45 and s?
3
Let m be (-1 - 2*-1) + (49 + -29)*8. What is the greatest common divisor of m and 21091?
161
Let u = 62 + -22. Suppose 0 = -x - 4*o, 0*x + x = 4*o + u. Suppose 22 - 422 = -4*t. What is the highest common divisor of t and x?
20
Suppose 36 = 2*b - 5*n, 0*n = -2*b - n + 12. Let y = -60 + 66. Suppose 5*l = -4*h + 4, y*l = 5*h + 4*l - 38. Calculate the greatest common factor of h and b.
2
Suppose 4*i + 1 = -11. Let s be (1/(-3))/(i/81). What is the highest common factor of s and 36?
9
Let g be -3*(-25802)/210 + (-3)/5. Let b = -33 - -49. Calculate the highest common divisor of b and g.
16
Let a(k) = -k - 3. Let h be a(-6). Let j be (-6)/4*(-10)/h. Let d be (18/30 - -72*6/30)*3. What is the highest common divisor of d and j?
5
Let n(z) = 1 + 5463*z + 3 - 5467*z + 4*z**2. Let y be n(-4). Calculate the greatest common factor of 14 and y.
14
Suppose -6572 = 97*i + 63*i - 150892. What is the highest common factor of i and 6560?
82
Suppose -24*t + 538 = 62*t - 752. Suppose 6*s - 18 = 3*s. Let l be (3/s)/((-1)/(-30)). What is the highest common factor of l and t?
15
Suppose 0 = -27*y + 2035 + 2113 + 874. Let z = -70 - -76. Calculate the greatest common divisor of y and z.
6
Suppose 0 = 4*z + 6*y - 8*y - 2362, 4*z - 3*y = 2357. Let m = z - 120. What is th